3 + (54 - 53) + -1 + -7.
-4
What is the value of 7 - (-23 + 27 - (1 + 1))?
5
Evaluate -4 + 2 + -1 - (-18 + 13).
2
What is the value of (0 - 6) + (5 - (-5 - -6))?
-2
What is the value of (6 + -1 - (8 + -6)) + -4?
-1
Evaluate -43 - -45 - (1 + 1).
0
What is 8 + -2 + -8 - -7?
5
54 + -63 - (-14 + 2)
3
4 - 1 - (11 - 3)
-5
What is the value of -2 + (-7 - (-4 + -9))?
4
-4 + 2 - (-5 + (-3 - -3))
3
Evaluate (2 - 1 - -3) + -9.
-5
What is 0 + 1 + -1 - (21 + -14)?
-7
Evaluate (5 - (8 - 0)) + 9.
6
Evaluate (-13 - -15) + (-2 - -1).
1
What is -2 + -11 + -1 + 4 + 0?
-10
What is the value of -5 + (13 - (-8 - -13))?
3
Calculate (-1 - -1) + 0 - 2.
-2
Calculate 12 + (-1 + 3 - 7).
7
-13 - (-25 + (21 - 11))
2
What is the value of -1 + 1 - (-3 + 6)?
-3
Calculate (-12 - (8 + -18)) + 2.
0
-4 - (3 + -2 + -5)
0
What is -1 + -4 + (32 - 22)?
5
What is (-9 - (4 + -10)) + -1?
-4
Calculate (-5 - -7) + 1 + (1 - -1).
5
Evaluate 3 + -3 - -1 - (-1 + 1).
1
What is the value of 6 + -3 + -16 + 6?
-7
Calculate -2 + 0 + (7 - 3 - 1).
1
Evaluate -7 + 5 + 6 + -2 + -1.
1
What is (-1 + (5 - 7) - -8) + -2?
3
-1 + -3 - (-2 + -5)
3
Evaluate (-16 + 12 - -4) + 1 + -4.
-3
What is -15 + 21 - (-2 + 3)?
5
3 - 3 - (1 - (0 + 2))
1
Calculate 6 + 0 + -12 - -10.
4
Evaluate -3 - (-7 - -10) - -2.
-4
Evaluate -2 - (-5 - -3) - -5.
5
What is -3 - ((-1 + -3 - -3) + -4)?
2
What is the value of -1 - -4 - (-1 - -6)?
-2
-8 + 10 + 2 + -12
-8
What is (28 - 29) + (1 - -2 - 2)?
0
Evaluate -225 + 220 - (0 + -2).
-3
Evaluate -3 + 12 - (38 - 32).
3
-8 + (-5 + 10 - 1)
-4
What is 1 + 1 - 5 - -3?
0
What is 1 + 1 + (17 - (18 - 0))?
1
Evaluate (4 - (-2 + 5)) + -2.
-1
What is the value of 2 - ((0 - 4) + -2 + 3)?
5
What is 6 - (1 - 0 - (24 - 23))?
6
Calculate -22 + 0 + 10 - -3.
-9
-1 + 1 + 1 - 0
1
What is (-4 - -11) + (-1 - -2)?
8
What is the value of 4 + (-6 - -5) + -7?
-4
Calculate 23 + -18 - ((2 - 4) + 1).
6
What is 3 + -5 + 1 + -1 - -4?
2
-1 - (2 - 1 - -3 - 3)
-2
Evaluate 1 + (1 + -5 - -2).
-1
What is the value of 11 + -9 - (1 - (0 + 3))?
4
9 - (10 - (7 - 9))
-3
What is 18 + 1 + (-50 - -39)?
8
Evaluate -1 + 4 - (5 - 4).
2
0 + (-3 - 0) + (-2 - -3)
-2
6 - (1 + -6 - -11) - -1
1
What is (4 - (4 + 6) - -17) + -5?
6
Evaluate 6 - (1 + 2 + -4).
7
(-4 - (-10 + 2)) + (8 - 4)
8
-1 + -1 + 11 - (8 + -3)
4
Calculate 19 - 13 - (1 + 8).
-3
Calculate -4 + 10 + -20 + 8.
-6
What is the value of (4 - -5) + (-3 - -1)?
7
Evaluate -5 - (-2 + 5 + -8 + 5).
-5
Calculate -1 + -4 + 4 + 9.
8
What is (-3 - -8) + (-1 - (7 + -5))?
2
0 - (3 - (3 - (-3 + -1)))
4
What is 5 + (5 - (16 - 4))?
-2
What is the value of (3 - 13) + 3 + 3?
-4
5 - (1 + 2 + 3)
-1
Evaluate -5 + 0 + 2 + 8 + -7.
-2
Calculate -1 + 3 + -4 + 0.
-2
What is the value of -1 + (-12 - (6 - 7)) + 6?
-6
Calculate -2 + (-1 - -5 - -3).
5
Evaluate 22 + -33 + 6 + -2.
-7
What is -2 + -8 + 18 + -13?
-5
(0 - 1) + -13 + 17
3
What is 6 + -1 - 0 - (1 - 1)?
5
Evaluate (1 - (2 - 3)) + 2.
4
What is 0 + -4 + 5 + -4?
-3
Evaluate -5 - ((5 - (-2 - -4)) + -4).
-4
What is 1 - 5 - (-9 + 10)?
-5
(6 - 2) + 3 + -6 + 0
1
1 - (-2 - (0 - 0))
3
2 + 1 + -2 + 1 + 2
4
Evaluate 2 + -1 + 1 + (-8 - -1).
-5
What is the value of 6 - (-3 - ((2 - 0) + -5))?
6
What is 2 + -4 + -2 - (194 + -192)?
-6
Calculate -6 + (2 - -3) + 0 + -5.
-6
What is 6 - (-4 + (0 - (-4 - 0)))?
6
What is the value of (0 - 2) + 34 + -40?
-8
-6 + 4 + -9 + 8
-3
Calculate 6 + 4 + 2 + -8.
4
Calculate 3 + -3 + -4 + 5 - 0.
1
Calculate -7 + 4 + 10 + -7.
0
(2 + -5 - 2) + 2 - -1
-2
What is 7 + -6 + -7 + 1?
-5
Calculate 3 + 4 + (2 - 4).
5
Evaluate (-2 - (-12 - -3 - -1)) + -6.
0
What is the value of -1 + -6 - (4 - (-1 + 8))?
-4
Evaluate 18 - 21 - (0 + 0 - 3).
0
Calculate (3 - (1 - -2)) + (-15 - -8).
-7
Calculate -18 + 20 + (-5 - 2) + 2.
-3
Calculate -9 - (1 - (5 + 0)).
-5
5 + (-8 - 0) + (1 - 0)
-2
What is (-1 - (-3 - -2)) + (2 - 0)?
2
(-2 - -6 - 8) + 8
4
What is the value of -2 + (-1 - (-1 + -2 + 1))?
-1
Calculate 10 + (-4 - (-7 - -11)).
2
Calculate (0 - -3) + -3 + 1.
1
Calculate -3 + 5 + (15 - 8).
9
What is (1 + -3 - -9) + -4?
3
Calculate 16 + -14 + (1 - 0).
3
Calculate -6 + (5 - (-3 + 7 + -1)).
-4
What is the value of (-9 - -9) + -2 + (-2 - -5)?
1
What is the value of 0 - (-2 + -4) - (5 + 9)?
-8
-2 - (0 - 1) - (-92 + 85)
6
6 - ((-17 - -16) + (-1 - -5))
3
What is -4 + 1 + (1 - 4) + 8?
2
What is the value of 8 + -3 - (6 - 4)?
3
-1 - ((3 - 10) + 2)
4
Calculate -2 - -5 - -4 - 2 - 3.
2
What is (-1 + 3 - 1) + 1 + 0?
2
What is the value of -2 - -6 - -1 - (5 + -4)?
4
1 + 0 + 2 + -4 + 0
-1
(0 - -5) + -10 - (1 + -1)
-5
Evaluate (-1 - 4) + (-10 + 10 - -5).
0
Calculate 12 + -4 + -3 + -6.
-1
(4 - 8) + 7 + -4 + 0
-1
What is -9 - (-20 + 2 + 8)?
1
Calculate -6 + (2 - -2) + 7.
5
Evaluate -8 - ((-4 - (0 - 4)) + -6).
-2
What is 0 + (-6 - (-2 - (-1 + 3)))?
-2
What is the value of (6 - 3) + -4 - 3?
-4
What is (-9 - (-16 + 8)) + -2?
-3
Evaluate 12 - 19 - (3 + -18).
8
Calculate (13 - 1) + -5 + -5.
2
Evaluate -4 + (-4 + 2 - -1) + 2.
-3
What is -4 + (3 - (-6 - -3)) + 1?
3
Calculate (-1 - -15) + (-54 - -49).
9
Calculate (-5 - -3) + (2 - 5).
-5
Calculate 13 - 8 - (6 - -4).
-5
What is -2 + (2 + -4 - (2 + -8))?
2
Evaluate 4 + (-3 - (-6 + 4)).
3
What is 3 - (0 - (-3 - -2))?
2
Calculate -9 + 5 - (-2 - 1).
-1
(6 - 6) + 0 + (1 - -3)
4
What is the value of (13 - (4 - (5 - 7))) + -6?
1
3 + (-4 - (3 + 0)) - -7
3
Evaluate 4 + (-1 - 11) + -3 + 7.
-4
What is the value of 0 - (2 - (-4 - (-2 - -1)))?
-5
Evaluate -36 - -38 - (1 + -1).
2
What is the value of -6 - (0 + 1 + -3)?
-4
106 - 106 - (1 + (3 - 1))
-3
-7 - 14 - -9 - -10
-2
What is 2 + (-6 - -12) - (-8 + 20)?
-4
What is 9 + -5 + 2 + -3 + 1?
4
What is the value of (0 - (5 - 9)) + -10 + 2?
-4
Calculate (-9 - -10 - 6) + 1.
-4
What is 0 + -1 + 2 + (7 - 5)?
3
What is the value of 2 + (-7 - -4 - -4)?
3
-4 - (-6 - 1 - (-32 - -25))
-4
Evaluate 0 - (1 - (4 - 2)).
1
What is -4 + (-1 - 0) - -6 - -3?
4
What is the value of (-74 - -76) + (-7 - -1)?
-4
Calculate (2 - (4 + -2)) + (1 - 2).
-1
Calculate 6 + 3 + -4 + -7.
-2
Calculate 6 - 4 - (10 + -4).
-4
What is 0 + 0 + (-4 - (9 - 14))?
1
Evaluate 1 - (-2 - -4 - (3 + -2)).
0
Evaluate -1 + (2 - 0 - 0 - 2).
-1
Evaluate (-4 - -9 - 5) + -3.
-3
Calculate (3 - 6) + (4 - (9 + -2)).
-6
Calculate -1 + 1 + (1 + 7 - 10).
-2
(18 - (20 + -7)) + -1
4
Evaluate 6 + -5 - (1 - 2).
2
What is -5 + 4 + -1 + -25 + 23?
-4
Calculate 22 - 23 - (-1 - (2 + -2)).
0
Evaluate 12 + -1 + (4 - 2) + -7.
6
What is the value of 3 - (2 - -3 - 3)?
1
Calculate (1 - 8) + 19 + -14.
-2
Evaluate 4 + -7 - (-7 - -3).
1
Evaluate 3 + 4 + 1 - -2.
10
What is the value of -3 - (3 + -12 + 7 - 1)?
0
What is the value of 6 - (6 + -1 + (1 - 1))?
1
(6 - 7) + -5 + 11
5
What is -10 - (-4 - -1) - -11?
4
What is 3 + 2 + 0 + (-14 - -14)?
5
3 + -12 + 4 - (1 + -6)
0
7 + (-5 - 10) + 14
6
Evaluate (0 - 1) + 20 + -13 - 5.
1
Evaluate 7 + (-15 - -8) - 1.
-1
Evaluate -6 + 0 + 4 + 3.
1
What is 3 + 3 + -3 + 4 + -1?
6
Calculate (-9 + 7 - -4) + 7.
9
Calculate 10 + 4 + -8 + 0 + -9.
-3
Evaluate (-2 - -1) + -2 + 6 + 1.
4
Evaluate (-6 - -4) + 9 + -1.
6
Evaluate -2 + 2 + 66 + -71.
-5
4 + -1 + (28 - 30) - -2
3
Evaluate 1 + 3 - ((4 - 7) + 3).
4
What is (4 - (1 + 1)) + -1?
1
Calculate -12 + 11 - (1 - 2).
0
What is 3 - 3 - (27 + -19)?
-8
Evaluate -1 + 0 + (35 - 27).
7
What is the value of (-62 - -32 - -22) + 0 + 14?
6
-15 + 11 - (-7 + -1)
4
Calculate 18 + -11 + (-5 + -4 - -4).
2
-1 + 4 - 0 - (1 + 1)
1
Evaluate -8 + 3 - (3 - (-6 + 8)).
-6
What is the value of -8 - (-4 - 2 - 2) - 2?
-2
What is the value of 1 + 0 + (7 - 3 - 3)?
2
What is 0 + 6 + (20 - 25)?
1
Evaluate 0 - (-1 + -2) - -1.
4
-5 + 4 - (-2 + 1)
0
What is the value of 0 + -2 + (17 - 12) - -3?
6
Evaluate -20 - -14 - (-1 - 0).
-5
Calculate 0 - -4 - (-6 + 6 - -4).
0
What is (2 - 4 - -2) + 2 - 1?
1
What is (7 - 1) + -2 + -17 + 12?
-1
What is (-3 - 2) + -4 + 5?
-4
What is -3 + 3 + (-5 - -3)?
-2
9 + 6 + 2 + -20
-3
-10 + (-1 - -3 - (-15 + 11))
-4
What is 0 + 2 - (-3 + (4 - -3))?
-2
What is the value of (-2 + -1 - -4 - -1) + 4?
6
What is the value of -7 + 3 + (-2 + 0 - -3)?
-3
Evaluate 9 - (6 + -1 - 1).
5
5 + (0 - (-4 - -8) - 4)
-3
Calculate (-2 - 0) + -211 + 203.
-10
What is 8 - ((-4 - (11 - 8)) + 20)?
-5
Calculate 11 - -3 - (-13 + 19).
8
Evaluate -4 - (-4 - -1) - (5 + -1).
-5
Evaluate -3 + -4 + 3 + 2 - 6.
-8
Evaluate 4 + 0 + (-52 - -43).
-5
Wha